**2 - 6*q. Determine z(8).
-2
Let k(v) be the first derivative of 1 - 1/4*v**4 + 1/2*v**2 - 1/3*v**3 + v. Let q be (11 - 18) + 6/1. Give k(q).
0
Let w(i) = -9*i - 7. Let a(l) = l + 1. Suppose -2*z + 5*r + 21 = 0, -z + 0*r + r + 6 = 0. Let x(o) = z*w(o) + 24*a(o). What is x(4)?
-9
Let a(w) = w**2 + 4*w - 6. Let u(m) = m + 3. Let x be u(-12). Let g be 47/x + 4/18. Determine a(g).
-1
Let p(v) be the first derivative of -v**4/4 - v**3/3 - v**2/2 - 5*v - 9. What is p(0)?
-5
Let y(o) be the third derivative of o**7/840 - o**6/90 - o**5/60 + o**4/8 + o**3/6 + o**2. Let q(r) be the first derivative of y(r). Calculate q(4).
-5
Let r(a) = -a + 10. Let c(i) = 5*i - 41. Let q(n) = -2*c(n) - 9*r(n). What is q(-4)?
-4
Suppose 2 = 4*s - o - 8, s - 2*o = -1. Let b = 1 + s. Let i(d) = d + 2*d - b*d. Calculate i(4).
-4
Suppose 0*y = 3*y + a - 5, 20 = 4*a. Let h be 3/6*y*1. Let t(s) = s + 2 + h - 1. Determine t(0).
1
Let i = -74 + 70. Let u(o) = 2 + 3*o - 3 + 3. Calculate u(i).
-10
Let x(c) be the third derivative of -c**8/20160 + c**7/1260 + 7*c**6/720 - c**5/12 + 6*c**2. Let q(i) be the third derivative of x(i). Calculate q(5).
2
Let h(o) = -3*o + 6*o - o**3 + o**2 - 4*o**2 - 1. Give h(-4).
3
Let c(s) = s**3 + s**2 - 4*s - 2. Let r = 68 - 71. Give c(r).
-8
Let b(p) = p**3 + 18*p**2 + 17*p + 3. Let z be b(-17). Let f(y) = 2*y - 6. Let t be f(5). Let s(q) = -3*q**3 + 5*q**z + 3 + t*q**2 + 1 + q - 3*q**3. Give s(4).
8
Let j be 22/(-4)*(-2 - 0). Suppose -d + j = 5. Let m = -4 + d. Let y(v) = -v**2 + 2*v + 1. What is y(m)?
1
Let m(o) = -3 - 2*o**2 - o**2 + 4*o**2 + 5*o. Let y(l) = -l**2 - 4*l + 3. Let k be y(-4). Let i be -1*(k + 0) - 2. Calculate m(i).
-3
Let f = 8 + -11. Let j(n) = -n**3 - 2*n**2 + n - 3. Calculate j(f).
3
Let n(i) = -8*i**2 + 5*i**2 + 2*i**2. What is n(-2)?
-4
Let z(o) = -o**3 + 0*o**3 - 14 + 2*o**2 + 5*o + 12. Determine z(3).
4
Suppose -6 = -3*o - 0*o. Suppose 3*f + 3*c = 18, -3*f + 2*c = -2*f. Let i(l) = 2*l**3 - f*l**3 + 0*l**3 + 4*l**2 + l**3 - l. Give i(o).
6
Let v = -2 + 1. Let o(k) = -3*k**3 + 1 + k + k**3 + 1 - 1. Calculate o(v).
2
Let d(x) = -x**2 - 3*x + 4. Let k be d(-3). Let w(i) = 0 + i**3 + k*i**2 - 1 - 5*i + 0*i**3. Let s be (-155)/35 + (-8)/14. What is w(s)?
-1
Let d(s) = s**3 - 2*s**2 - 6 - s - 2*s**2 + 8. Give d(4).
-2
Let v(i) = -i**3 - 3*i**2 - 3*i - 6. Let q(j) = -j**3 - 2*j**2 - 3*j - 5. Let m(n) = 6*q(n) - 5*v(n). Calculate m(2).
-2
Let m(k) be the third derivative of k**4/12 - 4*k**2. What is m(6)?
12
Let u(o) = o**2 - 7*o + 8. Suppose 0*g + 3*g = 18. Give u(g).
2
Let n = -13 + 23. Suppose -n = -5*w - 3*d, 4*w + 0*d - 8 = -3*d. Let u(j) = 2*j - 2*j**2 + 4 + 13*j**w - 2*j**2 - 3. Determine u(-1).
8
Suppose -o = 2 - 1. Let z(b) = -b**3 + 4*b**2 - 2*b. Let t be z(3). Let j(r) = -t*r + r + 0*r - 4*r. Give j(o).
6
Let a(i) be the first derivative of -i**2/2 + 9*i + 4. Let b be a(8). Let r(m) = m. Give r(b).
1
Let w(t) = -6*t - 5. Let f(d) be the third derivative of 5*d**4/24 + 2*d**3/3 - 4*d**2. Let o(n) = 3*f(n) + 2*w(n). Determine o(-4).
-10
Let c(z) be the second derivative of z**4/12 - z**3/2 - z**2 + z. Let q be ((-10)/6)/(4/(-12)). Determine c(q).
8
Let x(q) be the first derivative of q**4/24 + 7*q**3/6 - 3*q**2/2 + 1. Let o(k) be the second derivative of x(k). Determine o(0).
7
Let p be (-12)/8*8/(-6). Let g(o) = -p + 7*o + 0 + 1. Determine g(-1).
-8
Let w = 7 + -3. Let m(a) = -a**2 + 1 - a + 0 - a + w*a**2. Give m(1).
2
Let x(r) = -3*r + 4 - 1 - r**2 + 2*r**2. Let i(b) = b + 1. Let t be i(5). Suppose 10 = -5*p + 5*c, -p - 5 = -t*p + 2*c. Give x(p).
3
Let s = -17 - -7. Let a = 14 + s. Let w = -7 + a. Let g(n) = -n**3 - n**2 + 4*n + 4. What is g(w)?
10
Let y(x) = -7*x**3 + 11*x**2 + 6*x - 5. Let a(g) = -15*g**3 + 23*g**2 + 13*g - 11. Let q(l) = -6*a(l) + 13*y(l). What is q(5)?
1
Suppose -x = s - 7, -6*s - 3*x + 25 = -s. Let u(t) be the first derivative of -t**s - 1/3*t**3 + 3 + 0*t. Calculate u(-2).
0
Let w(j) = -4 + 3*j - 2*j - 4 + 3. Calculate w(0).
-5
Let p(n) be the first derivative of 3*n**2/2 - 7*n - 31. Determine p(-7).
-28
Let d(r) be the third derivative of -1/24*r**4 + 0*r - r**2 - 1/60*r**5 - 2/3*r**3 + 0. Let i(m) = m**2 + 4*m - 12. Let g be i(-6). Calculate d(g).
-4
Let c(j) = -j**2 - 20*j - 15. Let a be c(-19). Let l(w) = 4*w - 2. Give l(a).
14
Let h(r) = -r**3 + 3*r**2 + 3. Let z be (-86)/(-30) - 2/(-15). Calculate h(z).
3
Let q(g) = g**3 + g**2. Let s(i) = -i - 10. Let d be s(-5). Let l be (d + 7)/((-2)/(-4)). Suppose 4*h + 17 = 3*r + 2*r, -h = -l*r + 7. Calculate q(r).
2
Let x(r) = r + 1. Suppose -2*y = 2*g, -2*g - 9 = -3*g - 4*y. Determine x(g).
-2
Suppose -4*s - 24 = -3*s - 5*c, 4*c + 4 = -5*s. Let o(a) = -a**2 - 6*a - 6. Give o(s).
2
Let r(j) = -3*j + 6. Suppose 5*o = t - 14, 5*t + 3*o = 23 - 9. Calculate r(t).
-6
Let u(n) = 3*n - 4*n**2 - 18*n**3 + n + 19*n**3. Calculate u(4).
16
Let c(d) = -d**2 + 4*d + 5. Let w be (24/(-20))/((-1)/5). Determine c(w).
-7
Suppose 3*t - 28 = -t. Let r(u) = -u + 7. Give r(t).
0
Let d(a) be the first derivative of a**4/4 + 4*a**3/3 - a + 1. Let l be (1 - (-6)/(-4))*4 - 1. Determine d(l).
8
Let v(k) = -k**3 - 6*k**2 - 5*k + 4. Let u(o) = 2*o + 1. Let j be u(1). Let s = j + -3. Suppose s = -a - 4. Calculate v(a).
-8
Let t = 4 - 1. Let b(i) = -t*i - 1 - i**2 - 3*i + 2*i**2 - 5. Determine b(6).
-6
Let p be (14 + -15)*(1 + -1). Suppose -4*g + p*g = 16. Let j(b) = b - 1. Let k(r) = -r**3 - 4*r**2 + 8*r - 4. Let y(z) = 6*j(z) - k(z). Calculate y(g).
6
Let a(f) be the third derivative of -f**5/30 - f**4/8 + f**3/2 - f**2. Let s be 1/(((-2)/4 + 0)*-1). Determine a(s).
-11
Let c(r) be the second derivative of -r**4/12 + r**3 + 9*r**2/2 + 18*r. Determine c(7).
2
Let z(x) be the third derivative of -x**5/60 - 3*x**4/8 - x**3/2 - 6*x**2. Calculate z(-6).
15
Let p(b) = b - 2*b + 0*b + 2*b**2 - 1. Suppose 2*o = -f - 3*f + 56, f = 3*o + 21. Let x be (-6)/f - 16/10. Determine p(x).
9
Suppose 5*j - 32 = -3*j. Let x(i) = -i**2 + 5*i + 1. What is x(j)?
5
Let x(u) = -u**2 + 4. Suppose 2*v = -4*o - 3*v + 3, -4*v = 2*o. Suppose 0 = -o*f - 0*f. Calculate x(f).
4
Let b(s) = 2*s - 1. Let w(k) = k + 3. Let p = -9 + 4. Let i be w(p). Let q(y) = 2*y + 3. Let x be q(i). Calculate b(x).
-3
Let g(y) be the second derivative of 3*y**5/10 - y**4/12 + y**3/3 - y**2/2 - 3*y. Calculate g(1).
6
Let r(z) = -z**2 - 10*z + 3. Let n be r(-10). Let k = 4 - -1. Let f(g) = 2*g**2 - 4*g + k*g + 2 - n*g**2. What is f(3)?
-4
Let c(n) = 13*n + 1. Let y = 25 - 24. Determine c(y).
14
Let f(l) = -4*l**3 - 9*l**2 - 10*l + 8. Let t(a) = 9*a**3 + 17*a**2 + 20*a - 17. Let z(y) = 7*f(y) + 3*t(y). Give z(-11).
-6
Let y = -13 + 9. Let m(g) = -4*g - 3 - g + 4*g + 0*g. Calculate m(y).
1
Let b(v) = -4*v**3 + 2*v + 1. Suppose 3*o - 3*t + 1 = -2, 0 = 4*t - 12. Suppose -3*m - 15 = 0, 0 = -g - 0*m - o*m - 11. Calculate b(g).
3
Let r = 4 + 5. Let y(m) = 4 + 4*m**3 + 7*m - 6*m**2 - 3*m**3 - r. Determine y(5).
5
Let z(g) = -g**3 - 6*g**2 - 5*g + 3. Let a(y) = -7*y + 2. Let n be a(1). Calculate z(n).
3
Let v(u) be the second derivative of -u**5/30 + u**4/6 - u**3/2 - 3*u. Let o(b) be the second derivative of v(b). Determine o(3).
-8
Let d(u) be the first derivative of u**6/360 - u**5/30 - 7*u**4/24 - 4*u**3/3 + 5. Let j(x) be the third derivative of d(x). What is j(5)?
-2
Let y = 54 + -60. Let k(m) = -2*m + m**2 + 3*m - 5 + 5*m + 4. Determine k(y).
-1
Let z = -1 + 4. Suppose 0*k = z*k - 6. Let u(q) = 1 - k*q - 1. Give u(-3).
6
Let g(d) be the second derivative of 5*d**3/6 - 2*d**2 - 4*d. Let p(b) = -6*b + 5. Let h(j) = -5*g(j) - 4*p(j). Determine h(-5).
5
Let i(u) = u + 12. Let z be i(-10). Let g(w) = -w**3 + 3*w**2 - 4*w + 3. What is g(z)?
-1
Suppose 2*c - 3*w = -6*w + 3, 0 = -5*c - 5*w + 15. Suppose c*n + 15 = n. Let k(t) = 4*t - 2*t**2 + 3*t**2 - 4 - 3*t. What is k(n)?
2
Let k(z) be the third derivative of z**6/120 + z**5/60 - z**4/12 + z**3/6 + z**2 - z. Suppose s = -3*s + 12. Suppose 3*y + 3 = -s. Calculate k(y).
1
Let i(a) be the third derivative of -1/24*a**4 + 0 + 0*a + 0*a**3 + a**2. Suppose 4*q = -5*h + 4, 5*q - 7 = 3*h - 2. Determine i(h).
0
Let p(m) be the third derivative of m**4/24 - 2*m**3/3 - 4*m**2. Let y = 11 - 7. What is p(y)?
0
Let s(y) = -y + 9. Let d(i) = -i**2 + 6*i + 7. Let z be d(6). Let l be s(z). Let n(w) =